
In base 6, what is -2334330 - -12513?
-2321413
In base 15, what is -e + -169d839?
-169d848
In base 14, what is -4 - 14430c?
-144312
In base 16, what is 28a + 75a9?
7833
In base 12, what is -1974 - -11972?
bbba
In base 16, what is b3 + -1036f7?
-103644
In base 5, what is 1222410120 + -402?
1222404213
In base 2, what is -10011101111 - 100001001011000?
-100011101000111
In base 11, what is 4 + -106987a?
-1069876
In base 13, what is -952 - 73?
-9c5
In base 5, what is -1 - -21232103?
21232102
In base 3, what is 112101212122201 - -12?
112101212122220
In base 12, what is -107b5 + -30a?
-10b03
In base 10, what is 937788 + -31?
937757
In base 9, what is -2 - -56747711?
56747708
In base 16, what is -2 - 18af0bf?
-18af0c1
In base 9, what is 4 - -120281642?
120281646
In base 8, what is -172250 - -135?
-172113
In base 16, what is 2b2 - -2d89?
303b
In base 9, what is -424 + 7667?
7243
In base 10, what is 10426 + -53?
10373
In base 6, what is 114 - -5155034?
5155152
In base 2, what is 11000001 - -111110101110010011?
111110110001010100
In base 6, what is -405 - -345103?
344254
In base 14, what is 6813 - 244?
65ad
In base 13, what is -51475b8 + -4?
-51475bc
In base 4, what is -1000212 - 200312?
-1201130
In base 16, what is -2 + 37d569?
37d567
In base 16, what is -1256 - 579?
-17cf
In base 7, what is -3 + 34400435?
34400432
In base 5, what is 2332 - 2323241?
-2320404
In base 9, what is -2125374 + -8?
-2125383
In base 14, what is -4014b + -ba2?
-40d0d
In base 11, what is -4 - -31300a?
313006
In base 6, what is 1135002532 + 45?
1135003021
In base 16, what is -6 + 2cb8c?
2cb86
In base 6, what is 20001543510 - -5?
20001543515
In base 8, what is 272 + 441676?
442170
In base 4, what is 2211 - 331120220?
-331112003
In base 4, what is 100120 + -11102112?
-11001332
In base 6, what is -1005030333 - -3?
-1005030330
In base 5, what is -2212310 - 1430?
-2214240
In base 10, what is 7023 - 1031?
5992
In base 4, what is 33 - -11311032231?
11311032330
In base 14, what is 653901 + 40?
653941
In base 4, what is -10012220 + 1211133?
-2201021
In base 10, what is 0 + 25877339?
25877339
In base 11, what is 5608278 - 3?
5608275
In base 7, what is -2622522311 + -2?
-2622522313
In base 6, what is 104513034 - -4?
104513042
In base 9, what is -352754 - 57?
-352822
In base 7, what is -13 + -50362016?
-50362032
In base 15, what is adc3bce - 3?
adc3bcb
In base 15, what is 1c - -3ba88c4?
3ba88e1
In base 9, what is 2425151 - -165?
2425326
In base 4, what is -12300103 + -113110?
-13013213
In base 8, what is -1413655 + 13?
-1413642
In base 11, what is -1 + -2548847?
-2548848
In base 16, what is 2 - -752ae2?
752ae4
In base 12, what is -2 + -14322925?
-14322927
In base 10, what is 25186 + -47?
25139
In base 10, what is 2 + 37521987?
37521989
In base 9, what is 84 + -20866?
-20772
In base 8, what is -2001 - 103316?
-105317
In base 8, what is 640 + 173500?
174340
In base 10, what is -753651 - 83?
-753734
In base 15, what is -52 - 8b?
-dd
In base 14, what is 3 + 94d2d7?
94d2da
In base 4, what is -12103101010330 + 10?
-12103101010320
In base 15, what is -54ec23 + 28?
-54ebea
In base 11, what is 1a028500 - -6?
1a028506
In base 9, what is -14 + -62274752?
-62274766
In base 4, what is -3021112222132 + 3?
-3021112222123
In base 14, what is 171 - -b293?
b424
In base 16, what is -9d8 + 20b9?
16e1
In base 13, what is 2 + 5b72b0?
5b72b2
In base 3, what is 1 - -11220001201?
11220001202
In base 15, what is -5 + 9627?
9622
In base 14, what is 29d40a + c4?
29d4d0
In base 2, what is -1 - -1000001010010000110100?
1000001010010000110011
In base 6, what is -352301111 + 4?
-352301103
In base 12, what is 6b - -451a8?
45257
In base 13, what is -17b1979 - -4?
-17b1975
In base 7, what is -5243463 + 1?
-5243462
In base 9, what is 1021824 + -1115?
1020708
In base 2, what is -100 + -1100101011100110000010?
-1100101011100110000110
In base 10, what is -3 - 83615?
-83618
In base 5, what is -42 - 104213032?
-104213124
In base 9, what is -5 - 152122332?
-152122337
In base 7, what is -204 + 4252602?
4252365
In base 13, what is 170b - -a91?
249c
In base 9, what is -2 + 2120572?
2120570
In base 16, what is -2063ad - 3b?
-2063e8
In base 8, what is -11 - -352557?
352546
In base 4, what is 11002232211123 + -2?
11002232211121
In base 6, what is 210222 - 355?
205423
In base 11, what is 352a4 + 305?
355a9
In base 6, what is 0 - 4112501332?
-4112501332
In base 3, what is -202101120002101 - 10?
-202101120002111
In base 9, what is -3 + 33701428?
33701425
In base 16, what is -17 + 1cf293b?
1cf2924
In base 6, what is 312203002 + -10?
312202552
In base 13, what is -243 + -1512c?
-15372
In base 4, what is 30 - -1111210211?
1111210301
In base 8, what is 421641 + 345?
422206
In base 5, what is 1043 - 1333110442?
-1333104344
In base 7, what is -316 - 1061014?
-1061333
In base 6, what is -110005035 - -5?
-110005030
In base 16, what is -3 - -2c267a8?
2c267a5
In base 6, what is 1 - 21240413203?
-21240413202
In base 8, what is 2102 - -1357?
3461
In base 7, what is -10 + -640442235?
-640442245
In base 13, what is -6a3 + -354c?
-3c22
In base 14, what is 450d45a + -a?
450d450
In base 15, what is 0 - -635764?
635764
In base 8, what is 10151202 - 67?
10151113
In base 7, what is -44415 + -14634?
-62352
In base 9, what is 1378 + -715?
563
In base 5, what is -3023 - 144411412?
-144414440
In base 16, what is 4b + 761bb?
76206
In base 7, what is -5 - -36165102?
36165064
In base 11, what is -12a - -55915?
55796
In base 6, what is -113305422 - -4?
-113305414
In base 4, what is 3020323033 + 3?
3020323102
In base 6, what is -30203212 + -312?
-30203524
In base 6, what is 10020254125 - 5?
10020254120
In base 5, what is 113133 - -444034?
1112222
In base 12, what is 4 - -47a14253?
47a14257
In base 12, what is 267777 - -3?
26777a
In base 9, what is 608213734 + 3?
608213737
In base 9, what is 176 + 55661?
55847
In base 12, what is -a316 + -455?
-a76b
In base 14, what is 379 - 32490?
-32115
In base 14, what is -687c6 + -63?
-68849
In base 9, what is -5 + 24137?
24132
In base 6, what is -253542004 - -3?
-253542001
In base 3, what is -11 - 111102201021111?
-111102201021122
In base 2, what is 110010100 - 100110100?
1100000
In base 13, what is -2472ca - -384?
-246c46
In base 4, what is -123323110111 - -1?
-123323110110
In base 15, what is -141 + 10ac34?
10aae3
In base 11, what is 14a928 - 20a?
14a719
In base 10, what is 7 + -62035678?
-62035671
In base 15, what is 5 + 10d66a12?
10d66a17
In base 5, what is -20 - 1220030101?
-1220030121
In base 4, what is 1101012 + -123012?
312000
In base 5, what is 1223220331101 + -1?
1223220331100
In base 11, what is -5a75 - 365?
-632a
In base 11, what is -1298 + 367?
-a31
In base 10, what is 26808 + 15063?
41871
In base 7, what is 1063 + 51542?
52635
In base 8, what is -10 - -114445354?
114445344
In base 13, what is 28707 - 13?
286c4
In base 3, what is 2201221020210010 + 11?
2201221020210021
In base 13, what is -19c - -458a54?
458885
In base 2, what is -1010101000001 + 110011100111?
-100001011010
In base 7, what is 35662 - 263635?
-224643
In base 10, what is -2097202 - 13?
-2097215
In base 14, what is -3 - -1525077?
1525074
In base 10, what is 518 - -45402?
45920
In base 3, what is -112 - 2010002100120?
-2010002101002
In base 11, what is -16816 - -255?
-16571
In base 5, what is 0 - -1421041211?
1421041211
In base 16, what is -dd1 + 1a1c?
c4b
In base 3, what is -1201000111002111020 - 1?
-1201000111002111021
In base 7, what is 311153266 + -31?
311153235
In base 5, what is 1411312233 + 10?
1411312243
In base 13, what is 1 - -418a942?
418a943
In base 2, what is 10010100101110110 + 11101010001?
10011000011000111
In base 15, what is 4d243497 - 0?
4d243497
In base 12, what is 23133 - -45a6?
27719
In base 4, what is -213033113 + 2010?
-213031103
In base 12, what is -4b7499 + 8?
-4b7491
In base 13, what is c4 + 18ac6a?
18b061
In base 10, what is -259213 + 377?
-258836
In base 9, what is 308 - 1032445?
-1032136
In base 5, what is 14444413 - 1244?
14443114
In base 13, what is -3358491 - 2?
-3358493
In base 8, what is -14 + 5115114?
5115100
In base 16, what is -8e649 + -1c?
-8e665
In base 4, what is 1003231 - 200113?
203112
In base 11, what is -65 + -288369?
-288423
In base 14, what is c + 66d556?
66d564
In base 4, what is -2203112122233 - 13?
-2203